{"id":3,"date":"2020-06-29T09:12:09","date_gmt":"2020-06-29T09:12:09","guid":{"rendered":"https:\/\/www.gioiellerialanzoni.it\/?page_id=3"},"modified":"2020-11-19T14:59:33","modified_gmt":"2020-11-19T12:59:33","slug":"privacy-policy","status":"publish","type":"page","link":"https:\/\/www.gioiellerialanzoni.it\/index.php\/privacy-policy\/","title":{"rendered":"Privacy Policy"},"content":{"rendered":"\t\t<div data-elementor-type=\"wp-page\" data-elementor-id=\"3\" class=\"elementor elementor-3\" data-elementor-post-type=\"page\">\n\t\t\t\t\t\t<section class=\"elementor-section elementor-top-section elementor-element elementor-element-6b89f6c1 elementor-section-boxed elementor-section-height-default elementor-section-height-default\" data-id=\"6b89f6c1\" data-element_type=\"section\">\n\t\t\t\t\t\t<div class=\"elementor-container elementor-column-gap-default\">\n\t\t\t\t\t<div class=\"elementor-column elementor-col-100 elementor-top-column elementor-element elementor-element-160d022e\" data-id=\"160d022e\" data-element_type=\"column\">\n\t\t\t<div class=\"elementor-widget-wrap elementor-element-populated\">\n\t\t\t\t\t\t<div class=\"elementor-element elementor-element-4335156b elementor-widget elementor-widget-text-editor\" data-id=\"4335156b\" data-element_type=\"widget\" data-widget_type=\"text-editor.default\">\n\t\t\t\t<div class=\"elementor-widget-container\">\n\t\t\t\t\t\t\t<p><!-- wp:heading --><\/p>\n<h2>INFORMATIVA CLIENTI AL TRATTAMENTO DEI DATI PERSONALI<\/h2>\n<div>\n<h5>GDPR Reg. UE 679\/2016<\/h5>\n<\/div>\n<p><!-- wp:paragraph --><\/p>\n<p>I dati personali dell\u2019 INTERESSATO sono utilizzati da: GIOIELLERIA LANZONI, nel rispetto dei principi di protezione dei dati personali stabiliti dall\u2019<i> Art. 13 del Regolamento UE GDPR 2016\/679.<\/i><\/p>\n<h2><!-- \/wp:paragraph --><\/h2>\n<p><\/p>\n<p><!-- wp:heading --><\/p>\n<h2><br><\/h2>\n<h2>MODALIT\u00c0 E FINALIT\u00c0 DEL TRATTAMENTO DATI<br><\/h2>\n<h5>&nbsp;Ai sensi dell\u2019 Art. 4; Art. 6 del Reg. UE GDPR 679\/2016<\/h5>\n<h2><!-- \/wp:heading --><\/h2>\n<p><\/p>\n<p><!-- wp:paragraph --><\/p>\n<h4>La informiamo che i dati verranno trattati con il supporto dei seguenti mezzi:<\/h4>\n<ul>\n<li>a) Cartacei (moduli di registrazione, moduli d\u2019ordine, ecc.)<\/li>\n<li>b) Informatici (software gestionali, contabili, ecc.)<\/li>\n<li>c) Telematici<\/li>\n<\/ul>\n<h4>con le seguenti finalit\u00e0:<\/h4>\n<ul>\n<li>erogazione dei servizi richiesti dal Cliente e\/o da noi proposti o disponibili su portali gestiti da GIOIELLERIA LANZONI, aziende o professionisti partner<\/li>\n<li>&nbsp;newsletter, materiale informativo ecc., nonch\u00e9 conclusione del contratto di cui \u00e8 parte l\u2019interessato;<\/li>\n<li>fini amministrativi e contabili correlati ai contratti di servizio;<\/li>\n<\/ul>\n<h4><i>L&#8217;eventuale rifiuto nel consentire il trattamento dei dati comporta l&#8217;impossibilit\u00e0 di usufruire del servizio richiesto dall&#8217;utente.<\/i><\/h4>\n<h4><i>Fatto salvo esplicito diniego da parte dell&#8217;interessato, i dati dell\u2019utente saranno trattati anche per le seguenti finalit\u00e0:<\/i>\n<\/h4><p><i><br><\/i><\/p>\n<h2><i>&nbsp;<\/i><\/h2>\n<h2>BASE GIURIDICA<\/h2>\n<h2><!-- \/wp:heading --><\/h2>\n<p><\/p>\n<p><!-- wp:paragraph --><\/p>\n<h5>Ai sensi dell\u2019 Art. 4 del Reg. UE GDPR 679\/2016<\/h5>\n<h4><i>Il conferimento dei dati \u00e8 obbligatorio per tutto quanto \u00e8 richiesto dagli obblighi legali e contrattuali e pertanto l&#8217;eventuale rifiuto a fornirli in tutto o in parte pu\u00f2 dar luogo all&#8217;impossibilit\u00e0 di fornire i servizi richiesti.<\/i><\/h4>\n<p>La societ\u00e0 tratta i dati facoltativi dei CLIENTI in base al consenso, ossia mediante l\u2019approvazione esplicita della presente policy privacy e in relazione alle modalit\u00e0 e finalit\u00e0 sopra descritte&#8230;<\/p>\n<h2>&nbsp;<\/h2>\n<h2>CATEGORIE DI DESTINATARI<\/h2>\n<h5>Ai sensi dell\u2019 Art. 2 del Reg. UE GDPR 679\/2016<\/h5>\n<div>\n<div>Ferme restando le comunicazioni eseguite in adempimento di obblighi di legge e contrattuali, tutti i dati raccolti ed elaborati potranno essere comunicati esclusivamente per le finalit\u00e0 sopra specificate alle seguenti categorie di interessati:<\/div>\n<div>\n<ul>\n<li>Consulenti, Collaboratori, Outsourcers (imprese che gestiscono servizi specializzati per ns. conto);<\/li>\n<li>Contabili ed amministrativi;<\/li>\n<li>&nbsp;Fornitori;<\/li>\n<li>&nbsp;Banche e Istituti di Credito<\/li>\n<li>Compagnie Assicurative;<\/li>\n<li>Enti Pubblici e non pubblici;<\/li>\n<li>Studi Legali;<\/li>\n<\/ul>\n<\/div>\n<\/div>\n<h2><!-- \/wp:heading --><\/h2>\n<p><\/p>\n<p><!-- wp:heading {\"level\":3} --><\/p>\n<h2>&nbsp;<\/h2>\n<h2>PERIODO DI CONSERVAZIONE<\/h2>\n<h5>Ai sensi dell\u2019 Art. 4 del Reg. UE GDPR 679\/2016<\/h5>\n<p>I dati obbligatori ai fini contrattuali e contabili, di natura personale ed amministrativa dei clienti verranno trattati dal Titolare del Trattamento (GIOIELLERIA LANZONI) per tutto il tempo necessario all&#8217; espletamento delle funzioni professionali, in relazione all\u2019 accettazione di un offerta o accordo verbale tra le parti (venditore ed acquirente). Ai sensi dell&#8217; art. 2200 del Codice Civile, i dati di natura amministrativa e contabile verranno conservati per i successivi 10 anni dalla data di acquisizione degli stessi.<\/p>\n<p><\/p>\n<h2><br><\/h2>\n<h2>DIRITTI DELL\u2019INTERESSATO<br><\/h2>\n<p><\/p>\n<h5>Ai sensi dell\u2019 Art. 15 del Reg. UE GDPR 679\/2016<\/h5>\n<h4><i>Ai sensi del Regolamento europeo 679\/2016 (GDPR) e della normativa nazionale, l&#8217;interessato pu\u00f2, secondo le modalit\u00e0 e nei limiti previsti dalla vigente normativa, esercitare i seguenti diritti:<\/i><\/h4>\n<ul>\n<li>richiedere la conferma dell&#8217;esistenza di dati personali che lo riguardano (diritto di accesso);<\/li>\n<li>conoscerne l&#8217;origine;<\/li>\n<li>riceverne comunicazione intelligibile;<\/li>\n<li>avere informazioni circa la logica, le modalit\u00e0 e le finalit\u00e0 del trattamento;<\/li>\n<li>richiederne l&#8217;aggiornamento, la rettifica, l&#8217;integrazione, la cancellazione, la trasformazione in forma anonima, il blocco dei dati trattati in violazione di legge, ivi compresi quelli non pi\u00f9 necessari al perseguimento degli scopi per i quali sono stati raccolti;<\/li>\n<li>nei casi di trattamento basato su consenso, ricevere i propri dati forniti al titolare, in forma strutturata e leggibile da un elaboratore di dati e in un formato comunemente usato da un dispositivo elettronico;<\/li>\n<li>il diritto di presentare un reclamo all\u2019Autorit\u00e0 di controllo.<\/li>\n<\/ul>\n<h4><i>Le richieste vanno rivolte aI Titolare del trattamento.<\/i><\/h4>\n<blockquote>\n<h2 style=\"text-align: center;\">Titolare del trattamento dei Suoi dati personali \u00e8: GIOIELLERIA LANZONI<\/h2>\n<div>&nbsp;<\/div>\n<div>\u201cL\u2019 INTERESSATO DICHIARA DI AVER PRESO DETTAGLIATA VISIONE DELLA PRESENTE INFORMATIVA ED ESPRIME LEGITTIMO CONSENSO AL TRATTAMENTO DEI DATI\u201d<\/div>\n<div>&nbsp;<\/div>\n<div>&nbsp;<\/div>\n<\/blockquote>\n<h2><!-- \/wp:heading --><\/h2>\n<p><\/p>\n<p><!-- wp:heading --><\/p>\n<h2><!-- \/wp:heading --><\/h2>\t\t\t\t\t\t<\/div>\n\t\t\t\t<\/div>\n\t\t\t\t\t<\/div>\n\t\t<\/div>\n\t\t\t\t\t<\/div>\n\t\t<\/section>\n\t\t\t\t<\/div>\n\t\t","protected":false},"excerpt":{"rendered":"<p>INFORMATIVA CLIENTI AL TRATTAMENTO DEI DATI PERSONALI GDPR Reg. UE 679\/2016 I dati personali dell\u2019 INTERESSATO sono utilizzati da: GIOIELLERIA LANZONI, nel rispetto dei principi&#8230;<\/p>\n","protected":false},"author":1,"featured_media":0,"parent":0,"menu_order":0,"comment_status":"closed","ping_status":"open","template":"","meta":{"inline_featured_image":false,"footnotes":""},"class_list":["post-3","page","type-page","status-publish","hentry"],"jetpack_sharing_enabled":true,"_links":{"self":[{"href":"https:\/\/www.gioiellerialanzoni.it\/index.php\/wp-json\/wp\/v2\/pages\/3","targetHints":{"allow":["GET"]}}],"collection":[{"href":"https:\/\/www.gioiellerialanzoni.it\/index.php\/wp-json\/wp\/v2\/pages"}],"about":[{"href":"https:\/\/www.gioiellerialanzoni.it\/index.php\/wp-json\/wp\/v2\/types\/page"}],"author":[{"embeddable":true,"href":"https:\/\/www.gioiellerialanzoni.it\/index.php\/wp-json\/wp\/v2\/users\/1"}],"replies":[{"embeddable":true,"href":"https:\/\/www.gioiellerialanzoni.it\/index.php\/wp-json\/wp\/v2\/comments?post=3"}],"version-history":[{"count":118,"href":"https:\/\/www.gioiellerialanzoni.it\/index.php\/wp-json\/wp\/v2\/pages\/3\/revisions"}],"predecessor-version":[{"id":6476,"href":"https:\/\/www.gioiellerialanzoni.it\/index.php\/wp-json\/wp\/v2\/pages\/3\/revisions\/6476"}],"wp:attachment":[{"href":"https:\/\/www.gioiellerialanzoni.it\/index.php\/wp-json\/wp\/v2\/media?parent=3"}],"curies":[{"name":"wp","href":"https:\/\/api.w.org\/{rel}","templated":true}]}}