{"id":8740,"date":"2021-02-25T11:13:07","date_gmt":"2021-02-25T09:13:07","guid":{"rendered":"https:\/\/www.gioiellerialanzoni.it\/?page_id=8740"},"modified":"2022-05-17T17:16:00","modified_gmt":"2022-05-17T15:16:00","slug":"condizioni-di-vendita","status":"publish","type":"page","link":"https:\/\/www.gioiellerialanzoni.it\/index.php\/condizioni-di-vendita\/","title":{"rendered":"Condizioni di vendita"},"content":{"rendered":"<br><h3>COME CHIEDERE INFORMAZIONI<\/h3>\n<br>\nSiamo a sua completa disposizione, non esiti a contattarci.\nPer chiedere informazioni pu\u00f2 contattare direttamente il nostro ufficio vendite <a href=\"tel:+39 0542 22514\">(+39 0542 22514)<\/a>, mandare una mail (<a htref=\"mailto:info@gioiellerialanzoni.it\">info@gioiellerialanzoni.it<\/a>), oppure compilare il format Modulo Contatti. L\u2019aspettiamo anche nei nostri punti vendita per darle tutte le informazioni che desidera sui prodotti in vendita.\n<br>\n<br>\n<br><h3>CONDIZIONI DI VENDITA<\/h3>\n<br>\nIl valore del prodotto \u00e8 da intendersi gi\u00e0 comprensivo di IVA e fa riferimento al prodotto nella sua unit\u00e0 (pezzo singolo, fatta eccezioni per casi specificati).\n<br>\nDurante la procedura d\u2019ordine dei prodotti, sar\u00e0 richiesto di accettare le condizioni di vendita e l\u2019informativa sulla privacy, in caso di mancata accettazione, non sar\u00e0 possibile proseguire con l\u2019acquisto.\n<br>\nAlla conclusione dell\u2019ordine, ricever\u00e0 una mail di conferma d\u2019ordine e riepilogo di quanto acquistato presso il nostro sito. La mail viene inviata in automatico dal sistema informatico.\n<br>\nIn caso di errore (ordine sbagliato o prezzo sbagliato di un articolo), la invitiamo a contattarci come indicato sopra.\n<br>\nLa spedizione ha un costo di 10,00\u20ac.  I prodotti sono accuratamente imballati per conservarne l\u2019integrit\u00e0, affinch\u00e9 il rischio di compromissione sia nullo.\n<br>\n<br>\n<br><h3>MODALIT\u00c0 DI PAGAMENTO<\/h3>\n<br>\nPer gli acquisti online sul nostro, potr\u00e0 scegliere se pagare con carta di credito tramite stripe, oppure effettuare un bonifico anticipato, da eseguire entro tre giorni dalla conferma d\u2019ordine, utilizzando le seguenti coordinate bancarie:\n<br>\nGioielleria Lanzoni Enzo &amp; C.S.n.c.\n<br>\nBanca: Banca di Imola\n<br>\nIBAN: IT88B0508021000CC0000027777\n<br>\nCodice BIC: IMCOIT2AXXX\n<br>\n<br>\n<br><h3>DIRITTO ALLA PRIVACY<\/h3>\n<br>\nAi sensi del D.Lgs. n\u00b0 196\/2003 si dichiara che compilando il modulo di contatto (e-mail o fax), o inviando i propri dati personali in qualsiasi forma, il cliente autorizza Lanzoni srl al trattamento dei propri dati personali. I suddetti dati saranno gestiti e utilizzati dalla Lanzoni Gioielli, che li potr\u00e0 utilizzare per dare seguito a richieste del Cliente, per la gestione delle proposte di acquisto e per l\u2019invio di materiale informativo.\n<br>\nAi sensi dell\u2019art 13 del D.Lgs. n\u00b0 196\/2003 il cliente ha diritto di accesso ai propri dati, nonch\u00e9 il diritto di chiederne in qualunque momento, la cancellazione, la trasformazione in forma anonima, il blocco dei dati trattati in violazione di legge, l\u2019aggiornamento, la rettificazione e l\u2019integrazione.\n<br>\n<br>\n<br><h3>DIRITTO DI RECESSO<\/h3>\n<br>\n\u00c8 riconosciuto il diritto di recesso come previsto dalla normativa vigente.\n<br>\nIl termine utile per avvalersi del diritto \u00e8 di 14 giorni dalla data di consegna dei prodotti, entro tale data, il cliente \u00e8 tenuto ad inviare una mail all\u2019indirizzo: info@gioiellerialanzoni.it\n<br>\nDopo la nostra conferma, \u00e8 tenuto a restituire i prodotti nelle stesse condizioni in cui li ha ricevuti all\u2019indirizzo:\n<br>\nLanzoni Enzo srl, via Emilia 222, Imola, 40026.\n<br>\ntramite corriere concordato con Gioielleria Lanzoni, predisponendo un adeguato imballo per garantire l\u2019integrit\u00e0 dei prodotti.\n<br>\nEntro 10 giorni dal ricevimento della raccomandata e dei prodotti, sar\u00e0 nostra cura rimborsare il cliente, tramite bonifico bancario, delle spese sostenute per l\u2019acquisto.\n<br>\nATTENZIONE: IL DIRITTO DI RECESSO VIENE NEGATO IN CASO DI ARTICOLI REALIZZATI SU MISURA OPPURE ORDINATI APPOSITAMENTE PER IL CLIENTE.\n<br>\n<br>\n<br><h3>SPEDIZIONI<\/h3>\n<br>\nI suoi acquisti effettuati online potranno essere ritirati direttamente presso il nostro negozio in via Emilia 222 a Imola, oppure recapitati all\u2019indirizzo da lei indicato.\n<br>\nTutti i nostri articoli sono rigorosamente controllati e verificati prima di ogni spedizione.\n<br>\nLe consegne avvengono tramite corriere in totale copertura assicurativa, per garantire la massima sicurezza degli acquisti.\n<br>\nDopo la partenza della spedizione, ricever\u00e0 via email il codice di tracking e il link per monitorare la consegna direttamente sul sito del corriere.\n<br>\n<br>\n<br><h3>TEMPI DI CONSEGNA<\/h3>\n<br>\nITALIA: 24\/72h dalla spedizione. Per le isole le tempistiche di consegna potrebbero richiedere un giorno ulteriore.\n<br>\nUNIONE EUROPEA: 48\/96h dalla spedizione\n<br>\nNel caso non sia pi\u00f9 disponibile in negozio ci potrebbe essere un ulteriore periodo di attesa il prima possibile definito da una mail che verr\u00e0 inviata NON automaticamente al cliente.\n<br>\n<br>\n<br><h3>RESI<\/h3>\n<br>\nIl reso, nei termini indicati dalle condizioni di vendita, \u00e8 gratuito per ordini superiori ai 250,00\u20ac.\n<br>\n<br>\n<br><h3>TARIFFE INDICATIVE DI SPEDIZIONE<\/h3>\n<br>\nLa tariffa effettiva di spedizione verr\u00e0 calcolata in fase di acquisto.\n<br>\nPer alcune localit\u00e0 pi\u00f9 difficili da raggiungere (es. isole), la tariffa potrebbe essere diversa da quella indicata.\n<br>\nITALIA : 10 euro\n<br>\nESTERO: 15 euro<p><\/p>","protected":false},"excerpt":{"rendered":"<p>COME CHIEDERE INFORMAZIONI Siamo a sua completa disposizione, non esiti a contattarci. Per chiedere informazioni pu\u00f2 contattare direttamente il nostro ufficio vendite (+39 0542 22514),&#8230;<\/p>\n","protected":false},"author":1,"featured_media":0,"parent":0,"menu_order":0,"comment_status":"closed","ping_status":"open","template":"","meta":{"inline_featured_image":false,"footnotes":""},"class_list":["post-8740","page","type-page","status-publish","hentry"],"jetpack_sharing_enabled":true,"_links":{"self":[{"href":"https:\/\/www.gioiellerialanzoni.it\/index.php\/wp-json\/wp\/v2\/pages\/8740","targetHints":{"allow":["GET"]}}],"collection":[{"href":"https:\/\/www.gioiellerialanzoni.it\/index.php\/wp-json\/wp\/v2\/pages"}],"about":[{"href":"https:\/\/www.gioiellerialanzoni.it\/index.php\/wp-json\/wp\/v2\/types\/page"}],"author":[{"embeddable":true,"href":"https:\/\/www.gioiellerialanzoni.it\/index.php\/wp-json\/wp\/v2\/users\/1"}],"replies":[{"embeddable":true,"href":"https:\/\/www.gioiellerialanzoni.it\/index.php\/wp-json\/wp\/v2\/comments?post=8740"}],"version-history":[{"count":10,"href":"https:\/\/www.gioiellerialanzoni.it\/index.php\/wp-json\/wp\/v2\/pages\/8740\/revisions"}],"predecessor-version":[{"id":10059,"href":"https:\/\/www.gioiellerialanzoni.it\/index.php\/wp-json\/wp\/v2\/pages\/8740\/revisions\/10059"}],"wp:attachment":[{"href":"https:\/\/www.gioiellerialanzoni.it\/index.php\/wp-json\/wp\/v2\/media?parent=8740"}],"curies":[{"name":"wp","href":"https:\/\/api.w.org\/{rel}","templated":true}]}}